of 28767000?
7
What is the ten thousands digit of 39465980?
6
What is the hundreds digit of 82614388?
3
What is the thousands digit of 153178313?
8
What is the ten thousands digit of 43371187?
7
What is the units digit of 78717851?
1
What is the ten millions digit of 126887386?
2
What is the hundred thousands digit of 178964378?
9
What is the hundred millions digit of 1159298476?
1
What is the millions digit of 175391440?
5
What is the hundreds digit of 1275572958?
9
What is the ten thousands digit of 38919095?
1
What is the tens digit of 617830787?
8
What is the thousands digit of 40658007?
8
What is the ten thousands digit of 120210180?
1
What is the units digit of 4021516457?
7
What is the ten thousands digit of 431253239?
5
What is the hundred thousands digit of 646126618?
1
What is the thousands digit of 834090176?
0
What is the millions digit of 8692209?
8
What is the thousands digit of 4167843697?
3
What is the hundreds digit of 24289960?
9
What is the ten millions digit of 1581842094?
8
What is the ten millions digit of 1350423634?
5
What is the ten millions digit of 54699775?
5
What is the hundred millions digit of 157049818?
1
What is the billions digit of 1222887616?
1
What is the ten millions digit of 105370533?
0
What is the millions digit of 18936438?
8
What is the ten millions digit of 187598339?
8
What is the thousands digit of 17528703?
8
What is the thousands digit of 2811739982?
9
What is the ten thousands digit of 416435321?
3
What is the tens digit of 4905805450?
5
What is the thousands digit of 2096767046?
7
What is the thousands digit of 41040169?
0
What is the ten millions digit of 123191318?
2
What is the units digit of 25375909?
9
What is the ten thousands digit of 62318458?
1
What is the hundred thousands digit of 4290383859?
3
What is the thousands digit of 7557313261?
3
What is the units digit of 13739110?
0
What is the hundreds digit of 1303817913?
9
What is the thousands digit of 559014268?
4
What is the ten millions digit of 36591772?
3
What is the ten millions digit of 271483493?
7
What is the ten thousands digit of 41443381?
4
What is the ten thousands digit of 1331898242?
9
What is the thousands digit of 36033017?
3
What is the ten millions digit of 470157561?
7
What is the tens digit of 673243595?
9
What is the hundred thousands digit of 832067916?
0
What is the thousands digit of 751476846?
6
What is the ten millions digit of 244524799?
4
What is the billions digit of 3415969304?
3
What is the hundred thousands digit of 35248120?
2
What is the units digit of 60594469?
9
What is the units digit of 833871687?
7
What is the ten thousands digit of 1654093455?
9
What is the units digit of 3201857501?
1
What is the hundreds digit of 1862136846?
8
What is the hundred millions digit of 3038737600?
0
What is the billions digit of 4837027277?
4
What is the hundred millions digit of 380234211?
3
What is the tens digit of 3253272787?
8
What is the thousands digit of 82047730?
7
What is the millions digit of 262706087?
2
What is the millions digit of 906266326?
6
What is the ten millions digit of 75544940?
7
What is the thousands digit of 25525257?
5
What is the ten millions digit of 935261482?
3
What is the tens digit of 9309276661?
6
What is the tens digit of 433438902?
0
What is the hundred thousands digit of 12890366?
8
What is the thousands digit of 180856226?
6
What is the hundred thousands digit of 3811627422?
6
What is the thousands digit of 43967802?
7
What is the millions digit of 71900807?
1
What is the ten thousands digit of 710443976?
4
What is the ten millions digit of 328832463?
2
What is the millions digit of 2116308534?
6
What is the thousands digit of 127281521?
1
What is the units digit of 674408854?
4
What is the thousands digit of 6096785306?
5
What is the units digit of 1171776192?
2
What is the ten millions digit of 6878470631?
7
What is the tens digit of 24024656?
5
What is the billions digit of 2028927105?
2
What is the units digit of 181368078?
8
What is the millions digit of 200883190?
0
What is the units digit of 24943086?
6
What is the ten thousands digit of 1917683906?
8
What is the units digit of 305495576?
6
What is the hundred millions digit of 618888943?
6
What is the thousands digit of 6064140995?
0
What is the hundred thousands digit of 15359083?
3
What is the units digit of 8004562414?
4
What is the millions digit of 3384229174?
4
What is the ten thousands digit of 1087818178?
1
What is the ten thousands digit of 1555734993?
3
What is the millions digit of 879391801?
9
What is the tens digit of 58224041?
4
What is the hundreds digit of 108570744?
7
What is the hundred thousands digit of 38719023?
7
What is the units digit of 120286301?
1
What is the thousands digit of 1237784102?
4
What is the ten millions digit of 37678938?
3
What is the billions digit of 1277327678?
1
What is the hundred thousands digit of 179604881?
6
What is the units digit of 229074807?
7
What is the hundred millions digit of 6092478699?
0
What is the units digit of 344095795?
5
What is the ten millions digit of 85928275?
8
What is the hundreds digit of 34169283?
2
What is the hundreds digit of 4097206758?
7
What is the hundred thousands digit of 456636268?
6
What is the tens digit of 1020471360?
6
What is the ten thousands digit of 36554177?
5
What is the hundred millions digit of 2305406566?
3
What is the thousands digit of 132214350?
4
What is the hundred thousands digit of 139701280?
7
What is the hundred thousands digit of 22276020?
2
What is the hundreds digit of 899023018?
0
What is the thousands digit of 23495089?
5
What is the tens digit of 167242106?
0
What is the tens digit of 146614409?
0
What is the hundred thousands digit of 8283097?
2
What is the millions digit of 4298056089?
8
What is the millions digit of 217062956?
7
What is the millions digit of 5001931894?
1
What is the hundreds digit of 673892894?
8
What is the thousands digit of 81383568?
3
What is the hundreds digit of 46011417?
4
What is the tens digit of 177604368?
6
What is the hundred millions digit of 975369562?
9
What is the millions digit of 42545440?
2
What is the millions digit of 1229341687?
9
What is the hundred thousands digit of 47649378?
6
What is the ten thousands digit of 36761969?
6
What is the hundreds digit of 534719461?
4
What is the ten millions digit of 146140401?
4
What is the thousands digit of 100475491?
5
What is the ten thousands digit of 87982611?
8
What is the thousands digit of 41859341?
9
What is the thousands digit of 7223746?
3
What is the tens digit of 102579053?
5
What is the hundreds digit of 535875164?
1
What is the hundreds digit of 52902876?
8
What is the units digit of 89981380?
0
What is the thousands digit of 1109019167?
9
What is the thousands digit of 21377885?
7
What is the millions digit of 96312911?
6
What is the ten millions digit of 79308575?
7
What is the ten millions digit of 19735810?
1
What is the hundred thousands digit of 532014401?
0
What is the thousands digit of 783562213?
2
What is the hundred thousands digit of 79870877?
8
What is the ten millions digit of 154288757?
5
What is the hundred thousands digit of 72116710?
1
What is the units digit of 278647281?
1
What is the billions digit of 3268791045?
3
What is the billions digit of 1611469142?
1
What is the tens digit of 233586920?
2
What is the ten millions digit of 1210649001?
1
What is the ten thousands digit of 13784436?
8
What is the hundreds digit of 285645174?
1
What is the tens digit of 3097339110?
1
What is the units digit of 76556343?
3
What is the hundred millions digit of 1903498117?
9
What is the millions digit of 35165167?
5
What is the thousands digit of 4652219459?
9
What is the hundred millions digit of 199942673?
1
What is the tens digit of 1539595535?
3
What is the ten thousands digit of 479191371?
9
What is the hundreds digit of 801264867?
8
What is the tens digit of 23792072?
7
What is the tens digit of 41634460?
6
What is the tens digit of 78666246?
4
What is the billions digit of 6289538256?
6
What is the thousands digit of 221490395?
0
What is the units digit of 37781854?
4
What is the ten thousands digit of 70022883?
2
What is the units digit of 44173448?
8
What is the ten thousands digit of 31430716?
